k(l) = -9*l**2 + 3*l - 5. Let f(s) = 5*s**2 - 2*s + 3. Let u(t) = 11*f(t) + 6*k(t). What is u(2)?
-1
Let q(a) = -15*a**2 - a. Suppose 0 = -3*n - n - 4. Calculate q(n).
-14
Let g be 2/(-4)*-2 + -6. Let u(q) = 2*q - 1. Let a(i) = 2*i - 1. Let m(k) = g*u(k) + 6*a(k). Determine m(-1).
-3
Let k(y) = y + 1. Let f = -6 - -6. Suppose a + 4*a - 5 = f. Calculate k(a).
2
Let c(b) = 8*b + 5. Let y(r) = -17*r - 10. Let o(l) = -13*c(l) - 6*y(l). What is o(-6)?
7
Let p(u) = -2*u**3 - 2*u**2 + 1. Suppose 5*c = -10 + 5. Calculate p(c).
1
Let b be (-5)/15 + 14/6. Let v(z) = -3 + 2*z**b + 3 - 1 + 2*z. Determine v(-2).
3
Let j(o) be the second derivative of o**4/24 - 3*o**2 - 6*o. Let s(z) be the first derivative of j(z). Calculate s(0).
0
Let b(v) = -5*v**2 - 4 + 5 + 9*v**2 - 3 - v**3 + 6*v. Give b(5).
3
Let x(j) = -132*j**3 - 3*j**2 - 4*j + 131*j**3 + 5*j**2 + 3*j**2 + 4. Determine x(4).
4
Let c = -1 - -2. Suppose 5 = -5*i - 5. Let t(v) = -v**3 + 1. Let k(a) = -3*a**3 + 4*a**2 - 2*a + 2. Let b(d) = c*k(d) + i*t(d). Calculate b(3).
3
Let a(x) = 2*x - 1. Let n be (-12)/(-3)*(0 + -1). Let r(o) = o**2 + 3*o. Let u be r(n). What is a(u)?
7
Suppose 3*y - 4*v - 7 - 3 = 0, y - 5*v - 7 = 0. Let f(j) be the third derivative of 0 + 0*j - j**3 + 2*j**y + 1/24*j**4. Calculate f(3).
-3
Let o(z) = -z**2 - z + 2. Let j(w) = -w**3 + w**2. Let p(k) = k**3 + 5*k**2 - k - 5. Let f be p(-5). Let a = f + 1. Let s be j(a). Calculate o(s).
2
Let a be 4/10 - 2/5. Let u(z) = -4*z. Let y(h) be the second derivative of -h**3/2 + h**2/2 - 4*h. Let m(f) = -2*u(f) + 3*y(f). Give m(a).
3
Let f(y) = y**3 + y**2 - y + 3. Let g = -105 - -105. Give f(g).
3
Let d(v) = 36 - 77 + 35 + v. Determine d(8).
2
Let m be 2/(-7) - (-9)/7. Let g(r) = 3*r + 1. Give g(m).
4
Let x(q) be the second derivative of 0 - 1/2*q**2 + q - 1/3*q**3. Let n be 6 + -6 + (-3 - -1). Give x(n).
3
Let t be (2/7)/(3/21). Let d(l) = t*l + 5*l**2 + l**3 - 2 - 2*l + 3*l. Let b be d(-4). Let q(f) = -f + 2. Give q(b).
0
Let g(v) be the third derivative of 0 + v**2 - 7/120*v**6 + 1/30*v**5 + 1/6*v**3 + 0*v + 1/12*v**4. Give g(-1).
8
Let b = 25 + -47/2. Let o(d) be the first derivative of -d - b*d**2 - 2. Calculate o(-2).
5
Suppose 2*s - 12 = -2*i, -4*s + 23 = 3*i - 0*i. Let b(t) = -10*t**3 + t**2 - t + 1. What is b(i)?
-9
Let r(u) = u. Let a(c) = -c**3 - 8*c**2 + 2. Let g be a(-8). Let y(m) = g*m**2 - 3*m**2 + 1 - 4*m - 3*m + 0. Let s be y(-7). Determine r(s).
1
Suppose 0*s = 3*s - 3*f + 36, 4*f = 12. Let y(t) = -t**3 - 8*t**2 + 11*t + 11. What is y(s)?
-7
Let n(a) = -5 + 2 + 3*a - 5*a + 2. Suppose -5*r + 5 = 5*u, -3*r = 2*u - 0*u. Let g = -4 + u. Determine n(g).
1
Let g(n) = -10*n - 1. Let c(s) = -2*s**3 - s**2 - s - 1. Let u be c(-1). Calculate g(u).
-11
Let g = -3 + 6. Let t(k) = -k**2 + 0*k**3 + 2*k - k**3 - 2*k + g + 4*k. What is t(-3)?
9
Let o(i) = -1 + 4*i + 0*i - 4*i + 3*i. Let b be o(1). Let w(v) = -3*v + v**b - 2*v + 6 - 2. Calculate w(4).
0
Let j(n) = n**3 + 14. Suppose 11*z + 4*z = 0. Give j(z).
14
Let t(y) = 5 - 2*y - y**2 - 3*y**2 + 3*y**2 + 1. Give t(-5).
-9
Let u = 17 + -8. Suppose -5*a - u = f + 2*f, 3*f + 9 = 2*a. Let q(o) = 5*o**2 + 5*o - 6. Let c(h) = h**2 + h - 1. Let m(b) = 4*c(b) - q(b). Determine m(f).
-4
Let k(m) = -2*m**2 + m + 1. Let t(c) = -c + 6. Let j be t(4). Determine k(j).
-5
Let k(b) = 14*b**3 + 23*b**2 - 18*b + 14. Let a(g) = 5*g**3 + 8*g**2 - 6*g + 5. Let w(f) = 11*a(f) - 4*k(f). Suppose -7*x - 2 = 33. Determine w(x).
-6
Let y(d) = -3*d**3 + d**2 + d - 1. Let m be 3*1 - (2 - 2). Let g = m + 2. Suppose -g = -l - 4. Calculate y(l).
-2
Let u be (-4)/(-22) + 36/44. Suppose -u + 2 = x. Let p(h) = -h**2 - 5*h - 5. Let m(s) = -2*s**2 - 8*s - 8. Let v(z) = -5*m(z) + 8*p(z). Give v(x).
2
Suppose -2*l = 3*l - 30. Let w = 10 - 11. Let h(q) = 1. Let m(i) = i**2 - 6*i + 8. Let b(v) = w*m(v) + 2*h(v). Give b(l).
-6
Let j(v) = 1 - 2*v**2 + 0 + 1 - 3*v. Let l = 35 - 23. Let t be (2/4)/((-2)/l). What is j(t)?
-7
Let f be -14 + 1 + 1 + -1. Let a = -7 - f. Let y(x) = x**3 + 0*x + 2*x + a*x**2 - 7 + 2*x. What is y(-5)?
-2
Let v(m) = m**2 + 3*m - 7. Let k(g) = 5*g**2 + 14*g - 34. Let r(i) = 2*k(i) - 11*v(i). Let w(p) = p**3 - 4*p**2 + 2*p - 4. Let y be w(3). Give r(y).
-5
Let t(s) = 4*s. Let n(k) = 2*k. Let g(x) = -5*n(x) + 3*t(x). Suppose 9*m = -4*m - 26. Give g(m).
-4
Let m(v) = -v - 1. Suppose 0 = -6*s + 10*s. Determine m(s).
-1
Let u(d) = 5*d**2 - 2*d - 1. Suppose 57 - 9 = -4*t. Let q = -13 - t. What is u(q)?
6
Let k(a) = a**2 - 6*a + 6. Let s = -183 + 188. Calculate k(s).
1
Let d = 11 - 6. Let b(r) = r**3 - 5*r**2 + 3. What is b(d)?
3
Let c(w) = -1 - 112*w**3 + 227*w**3 + 3*w**2 - 114*w**3 - 3*w. What is c(-2)?
9
Suppose -8 = -x + 25. Let u = -18 + x. Suppose 5*c + 3*k + 3 = -k, 2*c - 3*k = -u. Let l(p) = 3*p + 4. Give l(c).
-5
Suppose -12 = -2*c + 5*w + 2, 0 = -3*w - 6. Let a(u) = 4 + u**c - 5*u + 5*u. Let h(i) = -i**2 - i. Let q be h(-1). What is a(q)?
4
Suppose -4*r + r - 5*h + 10 = 0, 2*r + 25 = 3*h. Let t(o) = -o + 2. What is t(r)?
7
Let i(j) = j - 1. Let b(y) = -2*y + 1. Let h(u) = -b(u) - 3*i(u). Determine h(1).
1
Let b(p) = p**3 - 1 - 8 - 4*p + 3 + 6*p**2. Determine b(-6).
18
Let d(q) = 5*q**2 - 3*q**2 - q**3 + 2*q**2 - 4*q. Let r(a) = -2*a - 13. Let v be r(-9). Suppose 0 = -v*b + 8 + 7. Determine d(b).
-3
Let s(m) be the third derivative of -m**5/60 - m**4/24 - 14*m**2. Give s(2).
-6
Let q = -29 - -24. Let o(t) = -t**3 - 4*t**2 + 4*t - 1. Give o(q).
4
Let a(c) = -c - 4. Let x be a(-6). Let b be (-20)/(-15) + 4/6. Let s(h) = -h**2 - 3 + 2*h - x*h**b - 2 + 6. Give s(2).
-7
Suppose 3*o - 288 = -2*o + 4*x, 3*x - 106 = -2*o. Let y(z) = o + 8*z - 56. What is y(-1)?
-8
Let o(y) = 6*y - 2. Let w(n) = 31*n - 10. Let d(s) = -11*o(s) + 2*w(s). Give d(3).
-10
Let o(w) = w**3 + 5*w**2 + w + 6. Let l = 218 - 223. Determine o(l).
1
Let z(i) = -i**2 - 27 - 22 + 48 + 5*i. Determine z(5).
-1
Let a = 2 + -1. Let v be 1*(-4 + 2) + a. Let o(l) = 4*l**3 + 3*l**2 - 2*l - 1. Let r(n) = 3*n**3 + 2*n**2 - 2*n - 1. Let t(p) = 2*o(p) - 3*r(p). Determine t(v).
0
Let s(n) be the first derivative of -n**4/2 + n**3 - n**2/2 + 7. What is s(2)?
-6
Let j(c) be the third derivative of c**4/24 + c**3/6 - c**2. Let z = 49 + -54. Give j(z).
-4
Suppose 2*t - 19 - 1 = 0. Suppose -4 = 4*x - 0*q + 3*q, 5*x + 5*q = -t. Let j(b) = 2*b**3 + 1 - 3*b**3 - 3. Calculate j(x).
-10
Let u(v) be the second derivative of 1/20*v**5 + 0 - 1/3*v**3 + 3/2*v**2 + 0*v**4 + 3*v. Give u(2).
7
Let d = 1 - 4. Let b be 0 - -2 - -1 - 1. Let h(v) = -v**2 + 2 - 4*v**b + 5*v**2 + 4*v + v**2. Give h(d).
-1
Suppose -w - 23 = 2*p, -2*p - 3*w - 2*w = 19. Let q(i) = -i - 8. Let s be q(p). Let z(b) = -b**3 + 3*b**2 + 2*b + 1. What is z(s)?
-7
Let m(z) = z**3 + 6*z**2 + 7*z + 6. Let s = 4 - 10. Let o = s + 4. Let d be (-5)/((-1)/(2/o)). Determine m(d).
-4
Let u = 6 + -4. Let h(s) = -u*s**2 - s**3 - s**2 + 4*s + 1 + 2*s. Let v = -14 - -10. Calculate h(v).
-7
Let m(k) = -2*k - 1. Let l be (-8)/(-20) - 32/5. What is m(l)?
11
Let o(s) be the third derivative of 1/24*s**4 + 0*s + 3*s**2 + 0 - 7/6*s**3. Give o(3).
-4
Let p(v) = -17*v + 2*v + 10*v + 9*v. Let l(f) = 3*f**3 + 4 - 4*f**3 + f - 5. Let z be l(1). Give p(z).
-4
Let p = 7 + -5. Let l be 10/p - (-1 + 3). Let h(o) = 0 + o + 2*o**2 - 3 - 4*o**2 + o**3. Calculate h(l).
9
Suppose -45*t - 4 = -49*t. Let h(a) = -7*a. Determine h(t).
-7
Suppose 1 - 7 = 3*h, v - 3*h = 11. Let l(y) = -y + 10. What is l(v)?
5
Let w(j) = -2*j - 3. Let c be (4/3 + 0)*-3. Let l be (-1)/c + 21/12. Let i(s) = -1. Let x(p) = l*i(p) + w(p). Give x(-4).
3
Let i be (-724)/(-24) + (-3)/18. Suppose i = 2*l + 3*l. Let w(j) = -j**2 + 8*j - 4. Determine w(l).
8
Let l(g) = g**3 + g**2. Let q be l(-1). Let n(j) = j. Let f(z) = -5*z - 4 + 8 - 4 - z**3. Let p(c) = -f(c) - 5*n(c). Calculate p(q).
0
Let r(x) = x**3 + 9*x**2 - 23*x - 5. Let a be r(-11). Let y(f) = -f**2 + 3*f + 6. What is y(a)?
-12
Suppose -10 = -o - 7. Let b(k) = k**3 - k**2 - 4*k. Calculate b(o).
6
Suppose -3*w + 2*w = 0. Let k(f) be the third derivative of 0*f**3 + w + 0*f - 1/24*f**4 - 2*f**2. Give k(0).
0
Let j(d) = d**2 - 5*d + 6. Suppose -15*t + 14*t = -4. Determine j(t).
2
Let q = 2 + -1. Let r = -4 + q. Let i(v) = v**2 - 2. Determine i(r).
7
Let o(s) = -s**2 + 2*s + 4. Let a(i) = i**2 - i - 3. Le